{"id":547,"date":"2020-04-16T10:51:56","date_gmt":"2020-04-16T10:51:56","guid":{"rendered":"https:\/\/demo.themewinter.com\/wp\/digiqoles\/personal-blog\/?page_id=547"},"modified":"2025-09-22T11:02:17","modified_gmt":"2025-09-22T11:02:17","slug":"about-me","status":"publish","type":"page","link":"https:\/\/zoelsoulful.com\/index.php\/about-me\/","title":{"rendered":""},"content":{"rendered":"\n<p>Zoel b\u1eaft \u0111\u1ea7u vai tr\u00f2 nh\u00e0 tr\u1ecb li\u1ec7u n\u0103ng l\u01b0\u1ee3ng v\u1edbi Reiki &amp; Sound healing t\u1eeb \u0111\u1ea7u n\u0103m 2024, khi c\u00f4 \u0111\u01b0\u1ee3c h\u01b0\u1edbng d\u1eabn m\u1edf r\u1ed9ng \u0111\u1ecbnh h\u01b0\u1edbng trong th\u1ef1c h\u00e0nh t\u00e2m linh t\u1eeb ch\u0103m s\u00f3c s\u1ee9c kho\u1ebb c\u00e1 nh\u00e2n sang h\u1ed7 tr\u1ee3 h\u1ed3i ph\u1ee5c s\u1ee9c kho\u1ebb to\u00e0n di\u1ec7n cho c\u1ed9ng \u0111\u1ed3ng. \u0110\u1ebfn \u0111\u1ea7u n\u0103m 2025, c\u00f4 ti\u1ebfp t\u1ee5c \u0111\u01b0\u1ee3c h\u01b0\u1edbng d\u1eabn m\u1edf r\u1ed9ng kh\u1ea3 n\u0103ng tr\u1ecb li\u1ec7u \u0111i s\u00e2u v\u00e0o c\u1ea3m x\u00fac v\u1edbi ph\u01b0\u01a1ng ph\u00e1p Emotion Code, nh\u1eb1m gi\u00fap m\u1ecdi ng\u01b0\u1eddi nh\u1eadn di\u1ec7n c\u1ee5 th\u1ec3 v\u00e0 gi\u1ea3i ph\u00f3ng nh\u1eefng c\u1ea3m x\u00fac b\u1ecb m\u1eafc k\u1eb9t trong su\u1ed1t cu\u1ed9c \u0111\u1eddi. C\u00f4 lu\u00f4n t\u00e2m ni\u1ec7m \u00e1p d\u1ee5ng ki\u1ebfn th\u1ee9c v\u00e0 kh\u1ea3 n\u0103ng tr\u1ecb li\u1ec7u nh\u1eb1m gi\u00fap m\u1ecdi ng\u01b0\u1eddi nh\u1eadn ra v\u1ebb \u0111\u1eb9p c\u1ee7a cu\u1ed9c s\u1ed1ng th\u1ef1c t\u1ea1i \u1edf Tr\u00e1i \u0110\u1ea5t, v\u00e0 th\u1eadt s\u1ef1 s\u1ed1ng h\u1ea1nh ph\u00fac trong ch\u00ednh con ng\u01b0\u1eddi ch\u00e2n th\u1eadt c\u1ee7a m\u00ecnh.<\/p>\n\n\n\n<p><br>Trong su\u1ed1t h\u00e0nh tr\u00ecnh, Zoel \u0111\u00e3 \u0111\u01b0\u1ee3c nh\u1eadn nhi\u1ec1u s\u1ef1 d\u1eabn d\u1eaft linh thi\u00eang t\u1eeb c\u00e1c ArchAngels v\u00e0 Ascended Master, h\u1ed7 tr\u1ee3 kh\u1ea3 n\u0103ng tr\u1ecb li\u1ec7u n\u0103ng l\u01b0\u1ee3ng n\u00f3i ri\u00eang v\u00e0 l\u00e0m vi\u1ec7c ph\u1ee5c v\u1ee5 cho h\u00e0nh tinh n\u00f3i chung. Trong th\u00e1ng 7 n\u0103m 2024 v\u00e0 cu\u1ed1i th\u00e1ng 8 n\u0103m 2025, Zoel nh\u1eadn \u0111\u01b0\u1ee3c s\u1ef1 khai t\u00e2m t\u1eeb Goddess Isis, Horus v\u00e0 Goddess Shekhmet, \u0111\u1ed3ng th\u1eddi, t\u00e1i k\u1ebft n\u1ed1i v\u1edbi n\u0103ng l\u01b0\u1ee3ng t\u1eeb h\u1ec7 sao Aldebaran. T\u1eeb \u0111\u00e2y, gi\u00fap c\u00f4 k\u00edch ho\u1ea1t l\u1ea1i tr\u00ed tu\u1ec7 c\u1ed5 x\u01b0a b\u00ean trong, h\u01a1n n\u1eefa, gi\u00fap c\u00f4 nh\u00ecn nh\u1eadn s\u00e2u s\u1eafc b\u1ea3n ch\u1ea5t n\u0103ng l\u01b0\u1ee3ng c\u1ee7a m\u00ecnh v\u00e0 s\u00e1ng r\u00f5 con \u0111\u01b0\u1eddng ph\u1ee5ng s\u1ef1 thi\u00eang li\u00eang. N\u0103ng l\u1ef1c t\u1ef1 nhi\u00ean c\u1ee7a c\u00f4 \u0111\u01b0\u1ee3c x\u00e1c \u0111\u1ecbnh h\u01b0\u1edbng \u0111\u1ebfn chuy\u1ec3n ho\u00e1 n\u0103ng l\u01b0\u1ee3ng ti\u00eau c\u1ef1c trong c\u1ea3m x\u00fac v\u00e0 c\u01a1 th\u1ec3 v\u1eadt l\u00fd, kh\u00f4i ph\u1ee5c s\u1ee9c s\u1ed1ng th\u1ec3 ch\u1ea5t c\u0169ng nh\u01b0 lan t\u1ecfa \u00e1nh s\u00e1ng c\u1ee7a t\u00ecnh y\u00eau th\u01b0\u01a1ng v\u00e0 th\u1ea5u c\u1ea3m. V\u00e0 v\u1edbi ngu\u1ed3n n\u0103ng l\u01b0\u1ee3ng mang t\u00ednh ch\u1ea5t b\u1ea3o h\u1ed9 m\u1ea1nh m\u1ebd, c\u00f4 c\u0169ng h\u1ed7 tr\u1ee3 chuy\u1ec3n ho\u00e1 nh\u1eefng d\u1ea1ng n\u0103ng l\u01b0\u1ee3ng ti\u00eau c\u1ef1c v\u00f4 h\u00ecnh kh\u00e1c. Th\u00f4ng qua ti\u1ebfn tr\u00ecnh n\u00e0y, s\u1ef1 th\u1eadt b\u00ean trong m\u1ed7i ng\u01b0\u1eddi \u0111\u01b0\u1ee3c soi t\u1ecf, d\u1eabn d\u1eaft h\u1ecd \u0111\u1ebfn s\u1ef1 th\u1ea5u hi\u1ec3u b\u1ea3n th\u1ec3 ch\u00e2n th\u1eadt h\u01a1n, s\u1ef1 tr\u01b0\u1edfng th\u00e0nh c\u00e1 nh\u00e2n, c\u0169ng nh\u01b0 chuy\u1ec3n ho\u00e1 t\u00e2m tr\u00ed l\u00ean c\u1ea5p \u0111\u1ed9 \u00fd th\u1ee9c cao h\u01a1n. T\u1eeb \u0111\u00f3, \u0111\u00f3ng g\u00f3p v\u00e0o qu\u00e1 tr\u00ecnh th\u0103ng l\u00ean 5D c\u1ee7a Tr\u00e1i \u0110\u1ea5t.<\/p>\n\n\n\n<p>Xem th\u00eam chi ti\u1ebft v\u1ec1 c\u00e1c d\u1ecbch v\u1ee5 c\u00e1 nh\u00e2n 1:1 t\u1ea1i \u0111\u00e2y: <a href=\"https:\/\/zoelsoulful.com\/index.php\/session-tri-lieu-ca-nhan\/\">Session tr\u1ecb li\u1ec7u c\u00e1 nh\u00e2n<\/a><\/p>\n\n\n\n<p>&nbsp;<\/p>\n","protected":false},"excerpt":{"rendered":"<p>Zoel b\u1eaft \u0111\u1ea7u vai tr\u00f2 nh\u00e0 tr\u1ecb li\u1ec7u n\u0103ng l\u01b0\u1ee3ng v\u1edbi Reiki &amp; Sound healing t\u1eeb \u0111\u1ea7u n\u0103m 2024, khi c\u00f4 \u0111\u01b0\u1ee3c h\u01b0\u1edbng d\u1eabn m\u1edf &hellip;<\/p>\n","protected":false},"author":1,"featured_media":0,"parent":0,"menu_order":0,"comment_status":"closed","ping_status":"closed","template":"","meta":{"_monsterinsights_skip_tracking":false,"_monsterinsights_sitenote_active":false,"_monsterinsights_sitenote_note":"","_monsterinsights_sitenote_category":0,"footnotes":""},"class_list":["post-547","page","type-page","status-publish","hentry"],"yoast_head":"<!-- This site is optimized with the Yoast SEO plugin v23.1 - https:\/\/yoast.com\/wordpress\/plugins\/seo\/ -->\n<title>- ZOELSOULFUL<\/title>\n<meta name=\"description\" content=\"Ng\u01b0\u1eddi th\u1ef1c h\u00e0nh v\u00e0 gi\u00fap ch\u0103m s\u00f3c c\u01a1 th\u1ec3 n\u0103ng l\u01b0\u1ee3ng c\u1ee7a m\u1ecdi ng\u01b0\u1eddi v\u1edbi Reiki v\u00e0 Chu\u00f4ng xoay T\u00e2y T\u1ea1ng\" \/>\n<meta name=\"robots\" content=\"index, follow, max-snippet:-1, max-image-preview:large, max-video-preview:-1\" \/>\n<link rel=\"canonical\" href=\"https:\/\/zoelsoulful.com\/index.php\/about-me\/\" \/>\n<meta property=\"og:locale\" content=\"vi_VN\" \/>\n<meta property=\"og:type\" content=\"article\" \/>\n<meta property=\"og:title\" content=\"- ZOELSOULFUL\" \/>\n<meta property=\"og:description\" content=\"Ng\u01b0\u1eddi th\u1ef1c h\u00e0nh v\u00e0 gi\u00fap ch\u0103m s\u00f3c c\u01a1 th\u1ec3 n\u0103ng l\u01b0\u1ee3ng c\u1ee7a m\u1ecdi ng\u01b0\u1eddi v\u1edbi Reiki v\u00e0 Chu\u00f4ng xoay T\u00e2y T\u1ea1ng\" \/>\n<meta property=\"og:url\" content=\"https:\/\/zoelsoulful.com\/index.php\/about-me\/\" \/>\n<meta property=\"og:site_name\" content=\"ZOELSOULFUL\" \/>\n<meta property=\"article:publisher\" content=\"https:\/\/www.facebook.com\/Zoelsoulful\" \/>\n<meta property=\"article:modified_time\" content=\"2025-09-22T11:02:17+00:00\" \/>\n<meta name=\"twitter:card\" content=\"summary_large_image\" \/>\n<meta name=\"twitter:label1\" content=\"\u01af\u1edbc t\u00ednh th\u1eddi gian \u0111\u1ecdc\" \/>\n\t<meta name=\"twitter:data1\" content=\"3 ph\u00fat\" \/>\n<script type=\"application\/ld+json\" class=\"yoast-schema-graph\">{\"@context\":\"https:\/\/schema.org\",\"@graph\":[{\"@type\":\"WebPage\",\"@id\":\"https:\/\/zoelsoulful.com\/index.php\/about-me\/\",\"url\":\"https:\/\/zoelsoulful.com\/index.php\/about-me\/\",\"name\":\"- ZOELSOULFUL\",\"isPartOf\":{\"@id\":\"https:\/\/zoelsoulful.com\/#website\"},\"datePublished\":\"2020-04-16T10:51:56+00:00\",\"dateModified\":\"2025-09-22T11:02:17+00:00\",\"description\":\"Ng\u01b0\u1eddi th\u1ef1c h\u00e0nh v\u00e0 gi\u00fap ch\u0103m s\u00f3c c\u01a1 th\u1ec3 n\u0103ng l\u01b0\u1ee3ng c\u1ee7a m\u1ecdi ng\u01b0\u1eddi v\u1edbi Reiki v\u00e0 Chu\u00f4ng xoay T\u00e2y T\u1ea1ng\",\"inLanguage\":\"vi\",\"potentialAction\":[{\"@type\":\"ReadAction\",\"target\":[\"https:\/\/zoelsoulful.com\/index.php\/about-me\/\"]}]},{\"@type\":\"WebSite\",\"@id\":\"https:\/\/zoelsoulful.com\/#website\",\"url\":\"https:\/\/zoelsoulful.com\/\",\"name\":\"ZOELSOULFUL\",\"description\":\"A Spiritual Practitioner\",\"publisher\":{\"@id\":\"https:\/\/zoelsoulful.com\/#\/schema\/person\/b24e7f8e7047df8472246775cf580098\"},\"potentialAction\":[{\"@type\":\"SearchAction\",\"target\":{\"@type\":\"EntryPoint\",\"urlTemplate\":\"https:\/\/zoelsoulful.com\/?s={search_term_string}\"},\"query-input\":\"required name=search_term_string\"}],\"inLanguage\":\"vi\"},{\"@type\":[\"Person\",\"Organization\"],\"@id\":\"https:\/\/zoelsoulful.com\/#\/schema\/person\/b24e7f8e7047df8472246775cf580098\",\"name\":\"admin\",\"image\":{\"@type\":\"ImageObject\",\"inLanguage\":\"vi\",\"@id\":\"https:\/\/zoelsoulful.com\/#\/schema\/person\/image\/\",\"url\":\"https:\/\/secure.gravatar.com\/avatar\/cd5e5ffda82f8bed381b67037d55103f520cefb9cd68086c7acd0d4d0873d9bc?s=96&d=mm&r=g\",\"contentUrl\":\"https:\/\/secure.gravatar.com\/avatar\/cd5e5ffda82f8bed381b67037d55103f520cefb9cd68086c7acd0d4d0873d9bc?s=96&d=mm&r=g\",\"caption\":\"admin\"},\"logo\":{\"@id\":\"https:\/\/zoelsoulful.com\/#\/schema\/person\/image\/\"},\"sameAs\":[\"https:\/\/personal.demotheme.matbao.support\",\"https:\/\/www.facebook.com\/Zoelsoulful\",\"https:\/\/www.instagram.com\/zoelsoulful\/\"]}]}<\/script>\n<!-- \/ Yoast SEO plugin. -->","yoast_head_json":{"title":"- ZOELSOULFUL","description":"Ng\u01b0\u1eddi th\u1ef1c h\u00e0nh v\u00e0 gi\u00fap ch\u0103m s\u00f3c c\u01a1 th\u1ec3 n\u0103ng l\u01b0\u1ee3ng c\u1ee7a m\u1ecdi ng\u01b0\u1eddi v\u1edbi Reiki v\u00e0 Chu\u00f4ng xoay T\u00e2y T\u1ea1ng","robots":{"index":"index","follow":"follow","max-snippet":"max-snippet:-1","max-image-preview":"max-image-preview:large","max-video-preview":"max-video-preview:-1"},"canonical":"https:\/\/zoelsoulful.com\/index.php\/about-me\/","og_locale":"vi_VN","og_type":"article","og_title":"- ZOELSOULFUL","og_description":"Ng\u01b0\u1eddi th\u1ef1c h\u00e0nh v\u00e0 gi\u00fap ch\u0103m s\u00f3c c\u01a1 th\u1ec3 n\u0103ng l\u01b0\u1ee3ng c\u1ee7a m\u1ecdi ng\u01b0\u1eddi v\u1edbi Reiki v\u00e0 Chu\u00f4ng xoay T\u00e2y T\u1ea1ng","og_url":"https:\/\/zoelsoulful.com\/index.php\/about-me\/","og_site_name":"ZOELSOULFUL","article_publisher":"https:\/\/www.facebook.com\/Zoelsoulful","article_modified_time":"2025-09-22T11:02:17+00:00","twitter_card":"summary_large_image","twitter_misc":{"\u01af\u1edbc t\u00ednh th\u1eddi gian \u0111\u1ecdc":"3 ph\u00fat"},"schema":{"@context":"https:\/\/schema.org","@graph":[{"@type":"WebPage","@id":"https:\/\/zoelsoulful.com\/index.php\/about-me\/","url":"https:\/\/zoelsoulful.com\/index.php\/about-me\/","name":"- ZOELSOULFUL","isPartOf":{"@id":"https:\/\/zoelsoulful.com\/#website"},"datePublished":"2020-04-16T10:51:56+00:00","dateModified":"2025-09-22T11:02:17+00:00","description":"Ng\u01b0\u1eddi th\u1ef1c h\u00e0nh v\u00e0 gi\u00fap ch\u0103m s\u00f3c c\u01a1 th\u1ec3 n\u0103ng l\u01b0\u1ee3ng c\u1ee7a m\u1ecdi ng\u01b0\u1eddi v\u1edbi Reiki v\u00e0 Chu\u00f4ng xoay T\u00e2y T\u1ea1ng","inLanguage":"vi","potentialAction":[{"@type":"ReadAction","target":["https:\/\/zoelsoulful.com\/index.php\/about-me\/"]}]},{"@type":"WebSite","@id":"https:\/\/zoelsoulful.com\/#website","url":"https:\/\/zoelsoulful.com\/","name":"ZOELSOULFUL","description":"A Spiritual Practitioner","publisher":{"@id":"https:\/\/zoelsoulful.com\/#\/schema\/person\/b24e7f8e7047df8472246775cf580098"},"potentialAction":[{"@type":"SearchAction","target":{"@type":"EntryPoint","urlTemplate":"https:\/\/zoelsoulful.com\/?s={search_term_string}"},"query-input":"required name=search_term_string"}],"inLanguage":"vi"},{"@type":["Person","Organization"],"@id":"https:\/\/zoelsoulful.com\/#\/schema\/person\/b24e7f8e7047df8472246775cf580098","name":"admin","image":{"@type":"ImageObject","inLanguage":"vi","@id":"https:\/\/zoelsoulful.com\/#\/schema\/person\/image\/","url":"https:\/\/secure.gravatar.com\/avatar\/cd5e5ffda82f8bed381b67037d55103f520cefb9cd68086c7acd0d4d0873d9bc?s=96&d=mm&r=g","contentUrl":"https:\/\/secure.gravatar.com\/avatar\/cd5e5ffda82f8bed381b67037d55103f520cefb9cd68086c7acd0d4d0873d9bc?s=96&d=mm&r=g","caption":"admin"},"logo":{"@id":"https:\/\/zoelsoulful.com\/#\/schema\/person\/image\/"},"sameAs":["https:\/\/personal.demotheme.matbao.support","https:\/\/www.facebook.com\/Zoelsoulful","https:\/\/www.instagram.com\/zoelsoulful\/"]}]}},"_links":{"self":[{"href":"https:\/\/zoelsoulful.com\/index.php\/wp-json\/wp\/v2\/pages\/547","targetHints":{"allow":["GET"]}}],"collection":[{"href":"https:\/\/zoelsoulful.com\/index.php\/wp-json\/wp\/v2\/pages"}],"about":[{"href":"https:\/\/zoelsoulful.com\/index.php\/wp-json\/wp\/v2\/types\/page"}],"author":[{"embeddable":true,"href":"https:\/\/zoelsoulful.com\/index.php\/wp-json\/wp\/v2\/users\/1"}],"replies":[{"embeddable":true,"href":"https:\/\/zoelsoulful.com\/index.php\/wp-json\/wp\/v2\/comments?post=547"}],"version-history":[{"count":19,"href":"https:\/\/zoelsoulful.com\/index.php\/wp-json\/wp\/v2\/pages\/547\/revisions"}],"predecessor-version":[{"id":1470,"href":"https:\/\/zoelsoulful.com\/index.php\/wp-json\/wp\/v2\/pages\/547\/revisions\/1470"}],"wp:attachment":[{"href":"https:\/\/zoelsoulful.com\/index.php\/wp-json\/wp\/v2\/media?parent=547"}],"curies":[{"name":"wp","href":"https:\/\/api.w.org\/{rel}","templated":true}]}}