{"id":1089,"date":"2024-07-25T13:10:45","date_gmt":"2024-07-25T13:10:45","guid":{"rendered":"https:\/\/zoelsoulful.com\/?page_id=1089"},"modified":"2026-04-03T15:32:51","modified_gmt":"2026-04-03T15:32:51","slug":"session-tri-lieu-ca-nhan","status":"publish","type":"page","link":"https:\/\/zoelsoulful.com\/index.php\/session-tri-lieu-ca-nhan\/","title":{"rendered":"Tr\u1ecb li\u1ec7u n\u0103ng l\u01b0\u1ee3ng Reiki"},"content":{"rendered":"\n<p>N\u1ebfu ch\u01b0a bi\u1ebft v\u1ec1 Reiki, h\u00e3y \u0111\u1ecdc b\u00e0i vi\u1ebft sau \u0111\u1ec3 hi\u1ec3u th\u00eam c\u01a1 b\u1ea3n v\u1ec1 Reiki v\u00e0 c\u00e1ch 1 Session Reiki di\u1ec5n ra, c\u0169ng nh\u01b0 t\u00e1c \u0111\u1ed9ng th\u1ea5y r\u00f5 s\u1ebd nh\u1eadn \u0111\u01b0\u1ee3c sau Session: <a href=\"https:\/\/zoelsoulful.com\/index.php\/2024\/07\/25\/reiki-la-gi-mot-session-reiki-se-trai-qua-nhu-the-nao\/\">https:\/\/zoelsoulful.com\/index.php\/2024\/07\/25\/reiki-la-gi-mot-session-reiki-se-trai-qua-nhu-the-nao\/<\/a><\/p>\n\n\n\n<p><img loading=\"lazy\" decoding=\"async\" height=\"16\" width=\"16\" src=\"https:\/\/static.xx.fbcdn.net\/images\/emoji.php\/v9\/t12\/1\/16\/1f505.png\" alt=\"\ud83d\udd05\"><strong>Reiki Healing:<\/strong><\/p>\n\n\n\n<ul class=\"wp-block-list\">\n<li>L\u00e0m s\u1ea1ch, gi\u1ea3i ph\u00f3ng n\u0103ng l\u01b0\u1ee3ng t\u1eaft ngh\u1ebdn, c\u00e2n b\u1eb1ng v\u00e0 n\u00e2ng cao n\u0103ng l\u01b0\u1ee3ng c\u01a1 th\u1ec3. N\u0103ng l\u01b0\u1ee3ng Reiki t\u00e1c \u0111\u1ed9ng l\u00ean t\u1eeb c\u1ea5p \u0111\u1ed9 th\u1ec3 ch\u1ea5t, c\u1ea3m x\u00fac, tinh th\u1ea7n \u0111\u1ebfn t\u00e2m linh(linh h\u1ed3n), do \u0111\u00f3, gi\u00fap b\u1ea1n c\u1ea3i thi\u1ec7n nhi\u1ec1u kh\u00eda c\u1ea1nh b\u1ea3n th\u00e2n. VD: Reiki gi\u00fap gi\u1ea3m c\u0103ng th\u1eb3ng, th\u01b0 gi\u00e3n s\u00e2u, mang l\u1ea1i c\u1ea3m gi\u00e1c b\u00ecnh y\u00ean, gi\u1ea3m n\u1ed7i \u0111au (c\u1ea3 th\u1ec3 ch\u1ea5t v\u00e0 c\u1ea3m x\u00fac, tinh th\u1ea7n), gi\u00fap b\u1ea1n nh\u00ecn nh\u1eadn v\u1ea5n \u0111\u1ec1 \u1edf g\u00f3c \u0111\u1ed9 m\u1edbi t\u01b0\u01a1i s\u00e1ng h\u01a1n&#8230;<\/li>\n<\/ul>\n\n\n\n<ul class=\"wp-block-list\">\n<li>Reiki c\u0169ng r\u1ea5t an to\u00e0n \u0111\u1ec3 h\u1ed7 tr\u1ee3 trong c\u00e1c tr\u01b0\u1eddng h\u1ee3p m\u1ea5t c\u00e2n b\u1eb1ng n\u0103ng l\u01b0\u1ee3ng nh\u01b0: r\u1ed1i lo\u1ea1n lo \u00e2u, c\u0103ng th\u1eb3ng qu\u00e1 m\u1ee9c, m\u1ed9t s\u1ed1 t\u00ecnh tr\u1ea1ng li\u00ean quan \u0111\u1ebfn m\u1ea5t ng\u1ee7, tr\u1ea7m c\u1ea3m, \u0111au l\u01b0ng&#8230;<\/li>\n<\/ul>\n\n\n\n<ul class=\"wp-block-list\">\n<li>\u0110\u1eb7c bi\u1ec7t, Reiki \u0111\u01b0\u1ee3c \u1ee9ng d\u1ee5ng nhi\u1ec1u \u0111\u1ec3 h\u1ed7 tr\u1ee3 \u0111\u1ea9y nhanh qu\u00e1 tr\u00ecnh ph\u1ee5c h\u1ed3i sau \u0111i\u1ec1u tr\u1ecb, ph\u1eabu thu\u1eadt ho\u1eb7c gi\u1ea3m nh\u1eb9 t\u00e1c d\u1ee5ng ph\u1ee5 sau m\u1ed9t s\u1ed1 ph\u01b0\u01a1ng ph\u00e1p \u0111i\u1ec1u tr\u1ecb. C\u00f3 th\u1ec3 k\u1ebft h\u1ee3p Reiki ngay khi \u0111ang trong qu\u00e1 tr\u00ecnh \u0111i\u1ec1u tr\u1ecb &#8211; th\u00f4ng th\u01b0\u1eddng, c\u00e1c Session h\u1ed7 tr\u1ee3 n\u00e0y m\u00ecnh th\u1ef1c hi\u1ec7n Distance\/ t\u1eeb xa, v\u00e0 ho\u00e0n to\u00e0n kh\u00f4ng g\u00e2y \u1ea3nh h\u01b0\u1edfng hay t\u00e1c \u0111\u1ed9ng g\u00ec \u0111\u1ebfn qu\u00e1 tr\u00ecnh \u0111i\u1ec1u tr\u1ecb. C\u00f3 th\u1ec3 tham kh\u1ea3o th\u00eam c\u00e1c b\u00e0i nghi\u00ean c\u1ee9u\/ kh\u1ea3o s\u00e1t v\u1ec1 \u1ee9ng d\u1ee5ng Reiki trong \u0111i\u1ec1u tr\u1ecb b\u1ec7nh t\u1ea1i link sau: <a href=\"https:\/\/zoelsoulful.com\/index.php\/category\/reiki\/\">https:\/\/zoelsoulful.com\/index.php\/category\/reiki\/<\/a> . Ri\u00eang v\u1edbi c\u00e1c tr\u01b0\u1eddng h\u1ee3p h\u1ed7 tr\u1ee3 Reiki cho b\u1ec7nh nh\u00e2n c\u1ea5p c\u1ee9u\/ ICU, tu\u1ef3 theo \u0111\u1ed9 tu\u1ed5i v\u00e0 t\u00ecnh tr\u1ea1ng, m\u00ecnh s\u1ebd c\u1ea7n l\u00e0m 1 session \u0111\u1ea7u ti\u00ean \u0111\u1ec3 check th\u00f4ng tin. N\u1ebfu c\u00f3 th\u1ec3 h\u1ed7 tr\u1ee3 th\u00eam, c\u1ea7n l\u00e0m t\u1ed1i thi\u1ec3u t\u1eeb 4 -10 session li\u00ean t\u1ee5c \u0111\u1ec3 mang l\u1ea1i k\u1ebft qu\u1ea3 t\u1ed1t nh\u1ea5t. <\/li>\n<\/ul>\n\n\n\n<ul class=\"wp-block-list\">\n<li>Nhi\u1ec1u v\u1ea5n \u0111\u1ec1 kh\u00e1c li\u00ean quan \u0111\u1ebfn c\u1ea3m x\u00fac, tinh th\u1ea7n, t\u00e2m linh c\u00f3 th\u1ec3 \u0111\u01b0\u1ee3c h\u1ed7 tr\u1ee3 v\u1edbi Session Reiki. H\u00e3y nh\u1eafn tin cho Zoel c\u1ee5 th\u1ec3 h\u01a1n v\u1ec1 v\u1ea5n \u0111\u1ec1 c\u1ee7a b\u1ea1n \u0111\u1ec3 \u0111\u01b0\u1ee3c h\u1ed7 tr\u1ee3 n\u1ebfu Reiki ph\u00f9 h\u1ee3p ho\u1eb7c kh\u00f4ng nh\u00e9.<\/li>\n<\/ul>\n\n\n\n<p><img loading=\"lazy\" decoding=\"async\" height=\"16\" width=\"16\" src=\"https:\/\/static.xx.fbcdn.net\/images\/emoji.php\/v9\/t12\/1\/16\/1f505.png\" alt=\"\ud83d\udd05\"><strong>1 Session s\u1ebd k\u00e9o d\u00e0i t\u1eeb 60-90 ph\u00fat.<\/strong> Trong \u0111\u00f3, 45-60 ph\u00fat \u0111\u1ea7u l\u00e0 th\u1eddi gian m\u00ecnh g\u1eedi n\u0103ng l\u01b0\u1ee3ng Reiki, v\u00e0 kho\u1ea3ng 15-30 ph\u00fat sau l\u00e0 th\u1eddi gian trao \u0111\u1ed5i nh\u1eefng th\u00f4ng tin c\u1ea7n thi\u1ebft t\u1eeb tr\u01b0\u1eddng n\u0103ng l\u01b0\u1ee3ng c\u1ee7a b\u1ea1n v\u00e0 nh\u1eefng th\u00f4ng tin\/l\u1eddi nh\u1eafn m\u00ecnh Channeling \u0111\u01b0\u1ee3c.<\/p>\n\n\n\n<p><img loading=\"lazy\" decoding=\"async\" height=\"16\" width=\"16\" src=\"https:\/\/static.xx.fbcdn.net\/images\/emoji.php\/v9\/t12\/1\/16\/1f505.png\" alt=\"\ud83d\udd05\">N\u0103ng l\u01b0\u1ee3ng kh\u00f4ng c\u00f3 gi\u1edbi h\u1ea1n kh\u00f4ng gian v\u00e0 th\u1eddi gian n\u00ean c\u00e1c Session Reiki c\u00f3 th\u1ec3 \u0111\u01b0\u1ee3c l\u00e0m t\u1eeb xa. (Th\u00f4ng th\u01b0\u1eddng, c\u00e1c tr\u01b0\u1eddng h\u1ee3p c\u1ea7n l\u00e0m Reiki t\u1eeb xa l\u00e0 c\u00e1c t\u00ecnh tr\u1ea1ng b\u1ec7nh n\u1eb7ng, kh\u00f3 di chuy\u1ec3n \u0111\u1ec3 l\u00e0m tr\u1ef1c ti\u1ebfp. Reiki c\u00f3 t\u00e1c d\u1ee5ng h\u1ed7 tr\u1ee3 r\u1ea5t \u0111\u1eb7c bi\u1ec7t trong c\u00e1c tr\u01b0\u1eddng h\u1ee3p n\u00e0y)<\/p>\n\n\n\n<p><img loading=\"lazy\" decoding=\"async\" height=\"16\" width=\"16\" src=\"https:\/\/static.xx.fbcdn.net\/images\/emoji.php\/v9\/tbc\/1\/16\/27b0.png\" alt=\"\u27b0\"><strong>Ph\u00ed trao \u0111\u1ed5i n\u0103ng l\u01b0\u1ee3ng:<\/strong> <strong>1.000.000VN\u0110 \/ session <\/strong> ho\u1eb7c pack 6 bu\u1ed5i: 4.800.000 VN\u0110<\/p>\n\n\n\n<p><\/p>\n\n\n\n<figure class=\"wp-block-image size-full is-resized\"><img decoding=\"async\" src=\"https:\/\/zoelsoulful.com\/wp-content\/uploads\/2025\/09\/DSCF4233.jpg\" alt=\"\" class=\"wp-image-1462\" style=\"width:387px;height:auto\"\/><\/figure>\n\n\n\n<p><\/p>\n\n\n\n<p><img loading=\"lazy\" decoding=\"async\" height=\"16\" width=\"16\" src=\"https:\/\/static.xx.fbcdn.net\/images\/emoji.php\/v9\/t94\/1\/16\/1f49a.png\" alt=\"\ud83d\udc9a\">N\u1ebfu b\u1ea1n \u0111ang g\u1eb7p v\u1ea5n \u0111\u1ec1, c\u1ea7n t\u00ecm 1 ph\u01b0\u01a1ng ph\u00e1p h\u1ed7 tr\u1ee3 nh\u01b0ng ch\u01b0a bi\u1ebft ph\u01b0\u01a1ng ph\u00e1p n\u00e0o ph\u00f9 h\u1ee3p, h\u00e3y nh\u1eafn tin facebook\/ instagram cho m\u00ecnh v\u1ec1 nhu c\u1ea7u, t\u00ecnh tr\u1ea1ng ri\u00eang c\u1ee7a b\u1ea1n \u0111\u1ec3 m\u00ecnh \u0111\u1ec1 xu\u1ea5t th\u00eam.<\/p>\n\n\n\n<p>Ngo\u00e0i ra, c\u00f3 th\u1ec3 nh\u1eafn tin Instagram: Zoel.ngoctu \/ FB: Zoelsoulful ho\u1eb7c Zalo: 0937162620<\/p>\n\n\n\n<p><img loading=\"lazy\" decoding=\"async\" height=\"16\" width=\"16\" alt=\"\ud83d\udc9a\" src=\"https:\/\/static.xx.fbcdn.net\/images\/emoji.php\/v9\/t94\/1\/16\/1f49a.png\">C\u1ea3m \u01a1n t\u1ea5t c\u1ea3 s\u1ef1 \u0111\u1ed3ng h\u00e0nh!<\/p>\n","protected":false},"excerpt":{"rendered":"<p>N\u1ebfu ch\u01b0a bi\u1ebft v\u1ec1 Reiki, h\u00e3y \u0111\u1ecdc b\u00e0i vi\u1ebft sau \u0111\u1ec3 hi\u1ec3u th\u00eam c\u01a1 b\u1ea3n v\u1ec1 Reiki v\u00e0 c\u00e1ch 1 Session Reiki di\u1ec5n ra, c\u0169ng &hellip;<\/p>\n","protected":false},"author":1,"featured_media":0,"parent":0,"menu_order":0,"comment_status":"closed","ping_status":"closed","template":"","meta":{"_monsterinsights_skip_tracking":false,"_monsterinsights_sitenote_active":false,"_monsterinsights_sitenote_note":"","_monsterinsights_sitenote_category":0,"footnotes":""},"class_list":["post-1089","page","type-page","status-publish","hentry"],"yoast_head":"<!-- This site is optimized with the Yoast SEO plugin v23.1 - https:\/\/yoast.com\/wordpress\/plugins\/seo\/ -->\n<title>Tr\u1ecb li\u1ec7u n\u0103ng l\u01b0\u1ee3ng Reiki - ZOELSOULFUL<\/title>\n<meta name=\"description\" content=\"L\u00e0m s\u1ea1ch, gi\u1ea3i ph\u00f3ng n\u0103ng l\u01b0\u1ee3ng t\u1eaft ngh\u1ebdn, c\u00e2n b\u1eb1ng v\u00e0 n\u00e2ng cao n\u0103ng l\u01b0\u1ee3ng c\u01a1 th\u1ec3. N\u0103ng l\u01b0\u1ee3ng Reiki t\u00e1c \u0111\u1ed9ng l\u00ean t\u1eeb c\u1ea5p \u0111\u1ed9 th\u1ec3 ch\u1ea5t, c\u1ea3m x\u00fac, tinh th\u1ea7n \u0111\u1ebfn t\u00e2m linh(linh h\u1ed3n), do \u0111\u00f3, gi\u00fap b\u1ea1n c\u1ea3i thi\u1ec7n nhi\u1ec1u kh\u00eda c\u1ea1nh b\u1ea3n th\u00e2n.\" \/>\n<meta name=\"robots\" content=\"index, follow, max-snippet:-1, max-image-preview:large, max-video-preview:-1\" \/>\n<link rel=\"canonical\" href=\"https:\/\/zoelsoulful.com\/index.php\/session-tri-lieu-ca-nhan\/\" \/>\n<meta property=\"og:locale\" content=\"vi_VN\" \/>\n<meta property=\"og:type\" content=\"article\" \/>\n<meta property=\"og:title\" content=\"Tr\u1ecb li\u1ec7u n\u0103ng l\u01b0\u1ee3ng Reiki - ZOELSOULFUL\" \/>\n<meta property=\"og:description\" content=\"L\u00e0m s\u1ea1ch, gi\u1ea3i ph\u00f3ng n\u0103ng l\u01b0\u1ee3ng t\u1eaft ngh\u1ebdn, c\u00e2n b\u1eb1ng v\u00e0 n\u00e2ng cao n\u0103ng l\u01b0\u1ee3ng c\u01a1 th\u1ec3. N\u0103ng l\u01b0\u1ee3ng Reiki t\u00e1c \u0111\u1ed9ng l\u00ean t\u1eeb c\u1ea5p \u0111\u1ed9 th\u1ec3 ch\u1ea5t, c\u1ea3m x\u00fac, tinh th\u1ea7n \u0111\u1ebfn t\u00e2m linh(linh h\u1ed3n), do \u0111\u00f3, gi\u00fap b\u1ea1n c\u1ea3i thi\u1ec7n nhi\u1ec1u kh\u00eda c\u1ea1nh b\u1ea3n th\u00e2n.\" \/>\n<meta property=\"og:url\" content=\"https:\/\/zoelsoulful.com\/index.php\/session-tri-lieu-ca-nhan\/\" \/>\n<meta property=\"og:site_name\" content=\"ZOELSOULFUL\" \/>\n<meta property=\"article:publisher\" content=\"https:\/\/www.facebook.com\/Zoelsoulful\" \/>\n<meta property=\"article:modified_time\" content=\"2026-04-03T15:32:51+00:00\" \/>\n<meta property=\"og:image\" content=\"https:\/\/static.xx.fbcdn.net\/images\/emoji.php\/v9\/t12\/1\/16\/1f505.png\" \/>\n<meta name=\"twitter:card\" content=\"summary_large_image\" \/>\n<meta name=\"twitter:label1\" content=\"\u01af\u1edbc t\u00ednh th\u1eddi gian \u0111\u1ecdc\" \/>\n\t<meta name=\"twitter:data1\" content=\"5 ph\u00fat\" \/>\n<script type=\"application\/ld+json\" class=\"yoast-schema-graph\">{\"@context\":\"https:\/\/schema.org\",\"@graph\":[{\"@type\":\"WebPage\",\"@id\":\"https:\/\/zoelsoulful.com\/index.php\/session-tri-lieu-ca-nhan\/\",\"url\":\"https:\/\/zoelsoulful.com\/index.php\/session-tri-lieu-ca-nhan\/\",\"name\":\"Tr\u1ecb li\u1ec7u n\u0103ng l\u01b0\u1ee3ng Reiki - ZOELSOULFUL\",\"isPartOf\":{\"@id\":\"https:\/\/zoelsoulful.com\/#website\"},\"primaryImageOfPage\":{\"@id\":\"https:\/\/zoelsoulful.com\/index.php\/session-tri-lieu-ca-nhan\/#primaryimage\"},\"image\":{\"@id\":\"https:\/\/zoelsoulful.com\/index.php\/session-tri-lieu-ca-nhan\/#primaryimage\"},\"thumbnailUrl\":\"https:\/\/static.xx.fbcdn.net\/images\/emoji.php\/v9\/t12\/1\/16\/1f505.png\",\"datePublished\":\"2024-07-25T13:10:45+00:00\",\"dateModified\":\"2026-04-03T15:32:51+00:00\",\"description\":\"L\u00e0m s\u1ea1ch, gi\u1ea3i ph\u00f3ng n\u0103ng l\u01b0\u1ee3ng t\u1eaft ngh\u1ebdn, c\u00e2n b\u1eb1ng v\u00e0 n\u00e2ng cao n\u0103ng l\u01b0\u1ee3ng c\u01a1 th\u1ec3. N\u0103ng l\u01b0\u1ee3ng Reiki t\u00e1c \u0111\u1ed9ng l\u00ean t\u1eeb c\u1ea5p \u0111\u1ed9 th\u1ec3 ch\u1ea5t, c\u1ea3m x\u00fac, tinh th\u1ea7n \u0111\u1ebfn t\u00e2m linh(linh h\u1ed3n), do \u0111\u00f3, gi\u00fap b\u1ea1n c\u1ea3i thi\u1ec7n nhi\u1ec1u kh\u00eda c\u1ea1nh b\u1ea3n th\u00e2n.\",\"breadcrumb\":{\"@id\":\"https:\/\/zoelsoulful.com\/index.php\/session-tri-lieu-ca-nhan\/#breadcrumb\"},\"inLanguage\":\"vi\",\"potentialAction\":[{\"@type\":\"ReadAction\",\"target\":[\"https:\/\/zoelsoulful.com\/index.php\/session-tri-lieu-ca-nhan\/\"]}]},{\"@type\":\"ImageObject\",\"inLanguage\":\"vi\",\"@id\":\"https:\/\/zoelsoulful.com\/index.php\/session-tri-lieu-ca-nhan\/#primaryimage\",\"url\":\"https:\/\/static.xx.fbcdn.net\/images\/emoji.php\/v9\/t12\/1\/16\/1f505.png\",\"contentUrl\":\"https:\/\/static.xx.fbcdn.net\/images\/emoji.php\/v9\/t12\/1\/16\/1f505.png\"},{\"@type\":\"BreadcrumbList\",\"@id\":\"https:\/\/zoelsoulful.com\/index.php\/session-tri-lieu-ca-nhan\/#breadcrumb\",\"itemListElement\":[{\"@type\":\"ListItem\",\"position\":1,\"name\":\"Trang ch\u1ee7\",\"item\":\"https:\/\/zoelsoulful.com\/\"},{\"@type\":\"ListItem\",\"position\":2,\"name\":\"Tr\u1ecb li\u1ec7u n\u0103ng l\u01b0\u1ee3ng Reiki\"}]},{\"@type\":\"WebSite\",\"@id\":\"https:\/\/zoelsoulful.com\/#website\",\"url\":\"https:\/\/zoelsoulful.com\/\",\"name\":\"ZOELSOULFUL\",\"description\":\"A Spiritual Practitioner\",\"publisher\":{\"@id\":\"https:\/\/zoelsoulful.com\/#\/schema\/person\/b24e7f8e7047df8472246775cf580098\"},\"potentialAction\":[{\"@type\":\"SearchAction\",\"target\":{\"@type\":\"EntryPoint\",\"urlTemplate\":\"https:\/\/zoelsoulful.com\/?s={search_term_string}\"},\"query-input\":\"required name=search_term_string\"}],\"inLanguage\":\"vi\"},{\"@type\":[\"Person\",\"Organization\"],\"@id\":\"https:\/\/zoelsoulful.com\/#\/schema\/person\/b24e7f8e7047df8472246775cf580098\",\"name\":\"admin\",\"image\":{\"@type\":\"ImageObject\",\"inLanguage\":\"vi\",\"@id\":\"https:\/\/zoelsoulful.com\/#\/schema\/person\/image\/\",\"url\":\"https:\/\/secure.gravatar.com\/avatar\/cd5e5ffda82f8bed381b67037d55103f520cefb9cd68086c7acd0d4d0873d9bc?s=96&d=mm&r=g\",\"contentUrl\":\"https:\/\/secure.gravatar.com\/avatar\/cd5e5ffda82f8bed381b67037d55103f520cefb9cd68086c7acd0d4d0873d9bc?s=96&d=mm&r=g\",\"caption\":\"admin\"},\"logo\":{\"@id\":\"https:\/\/zoelsoulful.com\/#\/schema\/person\/image\/\"},\"sameAs\":[\"https:\/\/personal.demotheme.matbao.support\",\"https:\/\/www.facebook.com\/Zoelsoulful\",\"https:\/\/www.instagram.com\/zoelsoulful\/\"]}]}<\/script>\n<!-- \/ Yoast SEO plugin. -->","yoast_head_json":{"title":"Tr\u1ecb li\u1ec7u n\u0103ng l\u01b0\u1ee3ng Reiki - ZOELSOULFUL","description":"L\u00e0m s\u1ea1ch, gi\u1ea3i ph\u00f3ng n\u0103ng l\u01b0\u1ee3ng t\u1eaft ngh\u1ebdn, c\u00e2n b\u1eb1ng v\u00e0 n\u00e2ng cao n\u0103ng l\u01b0\u1ee3ng c\u01a1 th\u1ec3. N\u0103ng l\u01b0\u1ee3ng Reiki t\u00e1c \u0111\u1ed9ng l\u00ean t\u1eeb c\u1ea5p \u0111\u1ed9 th\u1ec3 ch\u1ea5t, c\u1ea3m x\u00fac, tinh th\u1ea7n \u0111\u1ebfn t\u00e2m linh(linh h\u1ed3n), do \u0111\u00f3, gi\u00fap b\u1ea1n c\u1ea3i thi\u1ec7n nhi\u1ec1u kh\u00eda c\u1ea1nh b\u1ea3n th\u00e2n.","robots":{"index":"index","follow":"follow","max-snippet":"max-snippet:-1","max-image-preview":"max-image-preview:large","max-video-preview":"max-video-preview:-1"},"canonical":"https:\/\/zoelsoulful.com\/index.php\/session-tri-lieu-ca-nhan\/","og_locale":"vi_VN","og_type":"article","og_title":"Tr\u1ecb li\u1ec7u n\u0103ng l\u01b0\u1ee3ng Reiki - ZOELSOULFUL","og_description":"L\u00e0m s\u1ea1ch, gi\u1ea3i ph\u00f3ng n\u0103ng l\u01b0\u1ee3ng t\u1eaft ngh\u1ebdn, c\u00e2n b\u1eb1ng v\u00e0 n\u00e2ng cao n\u0103ng l\u01b0\u1ee3ng c\u01a1 th\u1ec3. N\u0103ng l\u01b0\u1ee3ng Reiki t\u00e1c \u0111\u1ed9ng l\u00ean t\u1eeb c\u1ea5p \u0111\u1ed9 th\u1ec3 ch\u1ea5t, c\u1ea3m x\u00fac, tinh th\u1ea7n \u0111\u1ebfn t\u00e2m linh(linh h\u1ed3n), do \u0111\u00f3, gi\u00fap b\u1ea1n c\u1ea3i thi\u1ec7n nhi\u1ec1u kh\u00eda c\u1ea1nh b\u1ea3n th\u00e2n.","og_url":"https:\/\/zoelsoulful.com\/index.php\/session-tri-lieu-ca-nhan\/","og_site_name":"ZOELSOULFUL","article_publisher":"https:\/\/www.facebook.com\/Zoelsoulful","article_modified_time":"2026-04-03T15:32:51+00:00","og_image":[{"url":"https:\/\/static.xx.fbcdn.net\/images\/emoji.php\/v9\/t12\/1\/16\/1f505.png"}],"twitter_card":"summary_large_image","twitter_misc":{"\u01af\u1edbc t\u00ednh th\u1eddi gian \u0111\u1ecdc":"5 ph\u00fat"},"schema":{"@context":"https:\/\/schema.org","@graph":[{"@type":"WebPage","@id":"https:\/\/zoelsoulful.com\/index.php\/session-tri-lieu-ca-nhan\/","url":"https:\/\/zoelsoulful.com\/index.php\/session-tri-lieu-ca-nhan\/","name":"Tr\u1ecb li\u1ec7u n\u0103ng l\u01b0\u1ee3ng Reiki - ZOELSOULFUL","isPartOf":{"@id":"https:\/\/zoelsoulful.com\/#website"},"primaryImageOfPage":{"@id":"https:\/\/zoelsoulful.com\/index.php\/session-tri-lieu-ca-nhan\/#primaryimage"},"image":{"@id":"https:\/\/zoelsoulful.com\/index.php\/session-tri-lieu-ca-nhan\/#primaryimage"},"thumbnailUrl":"https:\/\/static.xx.fbcdn.net\/images\/emoji.php\/v9\/t12\/1\/16\/1f505.png","datePublished":"2024-07-25T13:10:45+00:00","dateModified":"2026-04-03T15:32:51+00:00","description":"L\u00e0m s\u1ea1ch, gi\u1ea3i ph\u00f3ng n\u0103ng l\u01b0\u1ee3ng t\u1eaft ngh\u1ebdn, c\u00e2n b\u1eb1ng v\u00e0 n\u00e2ng cao n\u0103ng l\u01b0\u1ee3ng c\u01a1 th\u1ec3. N\u0103ng l\u01b0\u1ee3ng Reiki t\u00e1c \u0111\u1ed9ng l\u00ean t\u1eeb c\u1ea5p \u0111\u1ed9 th\u1ec3 ch\u1ea5t, c\u1ea3m x\u00fac, tinh th\u1ea7n \u0111\u1ebfn t\u00e2m linh(linh h\u1ed3n), do \u0111\u00f3, gi\u00fap b\u1ea1n c\u1ea3i thi\u1ec7n nhi\u1ec1u kh\u00eda c\u1ea1nh b\u1ea3n th\u00e2n.","breadcrumb":{"@id":"https:\/\/zoelsoulful.com\/index.php\/session-tri-lieu-ca-nhan\/#breadcrumb"},"inLanguage":"vi","potentialAction":[{"@type":"ReadAction","target":["https:\/\/zoelsoulful.com\/index.php\/session-tri-lieu-ca-nhan\/"]}]},{"@type":"ImageObject","inLanguage":"vi","@id":"https:\/\/zoelsoulful.com\/index.php\/session-tri-lieu-ca-nhan\/#primaryimage","url":"https:\/\/static.xx.fbcdn.net\/images\/emoji.php\/v9\/t12\/1\/16\/1f505.png","contentUrl":"https:\/\/static.xx.fbcdn.net\/images\/emoji.php\/v9\/t12\/1\/16\/1f505.png"},{"@type":"BreadcrumbList","@id":"https:\/\/zoelsoulful.com\/index.php\/session-tri-lieu-ca-nhan\/#breadcrumb","itemListElement":[{"@type":"ListItem","position":1,"name":"Trang ch\u1ee7","item":"https:\/\/zoelsoulful.com\/"},{"@type":"ListItem","position":2,"name":"Tr\u1ecb li\u1ec7u n\u0103ng l\u01b0\u1ee3ng Reiki"}]},{"@type":"WebSite","@id":"https:\/\/zoelsoulful.com\/#website","url":"https:\/\/zoelsoulful.com\/","name":"ZOELSOULFUL","description":"A Spiritual Practitioner","publisher":{"@id":"https:\/\/zoelsoulful.com\/#\/schema\/person\/b24e7f8e7047df8472246775cf580098"},"potentialAction":[{"@type":"SearchAction","target":{"@type":"EntryPoint","urlTemplate":"https:\/\/zoelsoulful.com\/?s={search_term_string}"},"query-input":"required name=search_term_string"}],"inLanguage":"vi"},{"@type":["Person","Organization"],"@id":"https:\/\/zoelsoulful.com\/#\/schema\/person\/b24e7f8e7047df8472246775cf580098","name":"admin","image":{"@type":"ImageObject","inLanguage":"vi","@id":"https:\/\/zoelsoulful.com\/#\/schema\/person\/image\/","url":"https:\/\/secure.gravatar.com\/avatar\/cd5e5ffda82f8bed381b67037d55103f520cefb9cd68086c7acd0d4d0873d9bc?s=96&d=mm&r=g","contentUrl":"https:\/\/secure.gravatar.com\/avatar\/cd5e5ffda82f8bed381b67037d55103f520cefb9cd68086c7acd0d4d0873d9bc?s=96&d=mm&r=g","caption":"admin"},"logo":{"@id":"https:\/\/zoelsoulful.com\/#\/schema\/person\/image\/"},"sameAs":["https:\/\/personal.demotheme.matbao.support","https:\/\/www.facebook.com\/Zoelsoulful","https:\/\/www.instagram.com\/zoelsoulful\/"]}]}},"_links":{"self":[{"href":"https:\/\/zoelsoulful.com\/index.php\/wp-json\/wp\/v2\/pages\/1089","targetHints":{"allow":["GET"]}}],"collection":[{"href":"https:\/\/zoelsoulful.com\/index.php\/wp-json\/wp\/v2\/pages"}],"about":[{"href":"https:\/\/zoelsoulful.com\/index.php\/wp-json\/wp\/v2\/types\/page"}],"author":[{"embeddable":true,"href":"https:\/\/zoelsoulful.com\/index.php\/wp-json\/wp\/v2\/users\/1"}],"replies":[{"embeddable":true,"href":"https:\/\/zoelsoulful.com\/index.php\/wp-json\/wp\/v2\/comments?post=1089"}],"version-history":[{"count":18,"href":"https:\/\/zoelsoulful.com\/index.php\/wp-json\/wp\/v2\/pages\/1089\/revisions"}],"predecessor-version":[{"id":1478,"href":"https:\/\/zoelsoulful.com\/index.php\/wp-json\/wp\/v2\/pages\/1089\/revisions\/1478"}],"wp:attachment":[{"href":"https:\/\/zoelsoulful.com\/index.php\/wp-json\/wp\/v2\/media?parent=1089"}],"curies":[{"name":"wp","href":"https:\/\/api.w.org\/{rel}","templated":true}]}}